Let o = -9 + c. Calculate the remainder when 13 is divided by o.
6
Let m(f) = -f**2 + 12*f - 2. Let x be m(8). Suppose x = b - 3*b. Let k = b + 22. Calculate the remainder when 25 is divided by k.
4
Let z = -177 - -126. Let s = 74 + z. Suppose 10*o + 26*o = 12*o + 1056. Calculate the remainder when o is divided by s.
21
Let c = 371 - 363. Calculate the remainder when 18 is divided by c.
2
Let q(o) = -o**2 - 3*o + 71. Let g be (0/(-5))/(4/(-2)). Calculate the remainder when q(g) is divided by 24.
23
Suppose -7*s - 680 = -24*s. Calculate the remainder when 195 is divided by s.
35
Suppose 7*n - 193 = 4*n + 2*o, -4*o + 264 = 4*n. Calculate the remainder when 242 is divided by n.
47
Suppose 12*k - 5*k - 42 = 0. What is the remainder when 9/k*106/3 is divided by 14?
11
Let a be (1*-4 - 0)*-4. Let q = 28 - a. What is the remainder when (-18389)/(-407) - 8/44 is divided by q?
9
Suppose 6*c = -7*c - 1131. Suppose -180 = 4*n - n. Let l = n - c. What is the remainder when l is divided by 15?
12
Let p be (1 - 0)*-2 + 13. Let j = 5727 - 5696. Calculate the remainder when j is divided by p/1*(-1 - -2).
9
Suppose -h + 8 + 12 = 0. Let w be (6/9)/((-4)/(-48)). Calculate the remainder when 1191/21 + w/28 is divided by h.
17
Let f = 3124 - 1701. What is the remainder when f is divided by 46?
43
Suppose 6*q = -2*q + 304. Calculate the remainder when 227 is divided by q.
37
Let g = 104 - 12. Calculate the remainder when g is divided by 24.
20
Let j(t) be the third derivative of t**6/120 - 2*t**5/15 - t**4/2 - 13*t**3/6 - 2*t**2. What is the remainder when j(10) is divided by 17?
16
Suppose 0 = -0*c - c - 4*x - 15, -5*c + 35 = -2*x. Suppose -h + 4*k - 9 = 0, c*h - 33 = -5*k + 22. What is the remainder when h is divided by 5?
2
Let r = -301 + 333. What is the remainder when r is divided by 6?
2
Let s = -1061 - -1179. What is the remainder when 468 is divided by s?
114
Suppose 0 = u, 77 = 3*o + 4*u - 82. Let p = -76 - -85. What is the remainder when o is divided by p?
8
Let g(h) = h**3 + 6*h**2 - h - 3. Let a(y) = -2*y + 5. Let p(l) = -l**3 - 7*l**2 + l + 2. Let u be p(-7). What is the remainder when g(-5) is divided by a(u)?
12
Suppose 0*i + 4*m + 32 = 2*i, 5*m + 35 = 2*i. Suppose -15*p + i*p = -115. What is the remainder when p is divided by 8?
7
Let r be ((-40)/(-70))/((-1)/(-14)). Let a(y) = y**3 - 9*y**2 + 8*y + 15. What is the remainder when 58 is divided by a(r)?
13
Let i = -47 - -70. Suppose 5*t - 5*s = 75, -t + 9*s = 10*s - 11. Calculate the remainder when i is divided by t.
10
Suppose 35*l - 5*p = 38*l - 76, -88 = -3*l - 2*p. Calculate the remainder when l is divided by 7.
4
Suppose -2*f - 3*b + 285 = -2*b, 0 = 5*f - b - 730. Calculate the remainder when f is divided by (-3 - 34)*-1*(4 - 3).
34
Suppose -33 = -6*x + 3*x. Suppose -9 - x = -4*a. What is the remainder when -28 - -43 - (1 + -3) is divided by a?
2
Let r(s) = s**2 + 5*s - 5. Let y(w) = w**3 - 6*w**2 - 3*w - 22. What is the remainder when r(-7) is divided by y(7)?
3
Suppose -b = -4*y - 2*b + 196, -3*y + 2*b + 136 = 0. Let i = y + -44. Suppose 3*z + 8 = 7*z. Calculate the remainder when i is divided by z.
0
Suppose 25*b - 34 = 24*b. Suppose -b = 4*g - 94. What is the remainder when 40 is divided by g?
10
Suppose 2*v - 83 = -5. Suppose -12*p = -124 - 8. Calculate the remainder when v is divided by p.
6
Calculate the remainder when 36 is divided by (-2 + (-8 - -30))*3/6.
6
Let v = 28 - 7. Calculate the remainder when 685/15 - (95/(-15) - -6) is divided by v.
4
Let b be (-78)/(-5) + 4/10. Suppose -w = -0*w - b. Suppose 6 + 18 = 4*m - p, 3*m - 5*p - 18 = 0. Calculate the remainder when w is divided by m.
4
Suppose 1156*v + 126 = 1159*v. Suppose -3*x - x + 36 = 0. Calculate the remainder when v is divided by x.
6
Suppose -4*a = 2*u - 0*u - 196, 4*u = -3*a + 382. What is the remainder when u is divided by 48?
46
Suppose 0 = -34*m + 300 + 6. What is the remainder when 248 is divided by m?
5
Let b = 617 - 601. Suppose -4*s = 3*d - 271, 2 = 3*s + 8. Calculate the remainder when d is divided by b.
13
Suppose 0 = 51*f - 56*f + 165. Calculate the remainder when f is divided by 3.
0
Suppose -22*s = 15*s - 1554. Suppose -2*i - 4 + 34 = 0. What is the remainder when s is divided by i?
12
Let o = -548 - -729. Calculate the remainder when o is divided by 35.
6
Let d be (-6 - -12)/(3 - 2). Let a(u) = u**2 + 10*u + 7. Calculate the remainder when a(d) is divided by 15.
13
Suppose 5*g = -136 + 541. Calculate the remainder when 1212 is divided by g.
78
Suppose 14*q - 1772 + 1394 = 0. Calculate the remainder when 321 is divided by q.
24
Let g = -13 + -5. Let p = g - -25. Calculate the remainder when -4*10/(-2) - 1 is divided by p.
5
Suppose 0 = 27*j - 19*j - 352. Calculate the remainder when 212 is divided by j.
36
Suppose -3*y = -4*p - 88, 24 = 3*y + p - 59. What is the remainder when 36 is divided by y?
8
Let w = 11 - -54. Let x(k) = -3*k**2 + 3*k + 3. Let i be x(4). Calculate the remainder when w is divided by i*3*(-2)/9.
21
Let r = -15 + 27. Let z = 14 - r. Let o(k) = 14*k - 5. Calculate the remainder when o(z) is divided by 8.
7
Let a = -11 - -15. Suppose -49 = 2*i - 4*i - w, -a*i + 77 = -5*w. Calculate the remainder when 43 is divided by i.
20
Suppose -1 = -18*y + 17*y. Let p be 9/3 + y - -174. Suppose 0 = 5*o - 87 - p. What is the remainder when o is divided by 18?
17
Let l = -178 + 196. Suppose 4*w - 17 = -o, -2*o + 35 = 2*o + 5*w. Suppose 2*p - 40 = -o*m, p - 3*m + 1 = -1. What is the remainder when l is divided by p?
8
Let x be (-4)/18 + 6878/171. Suppose 6*f = 2*f + x. What is the remainder when f is divided by 6?
4
Suppose -8*r + 128 = 32. Suppose s - 1 - 7 = -5*k, -41 = -2*s - 5*k. What is the remainder when s is divided by r?
9
Let o(c) be the third derivative of c**6/120 + c**5/12 - 7*c**4/24 - 3*c**2. What is the remainder when o(-6) is divided by (5 - 1)*(-22 - -23)?
2
Let h(v) = -v**2 - 17*v - 26. Suppose 5*u - 650 + 1730 = 0. What is the remainder when u/(-10) + 14/35 is divided by h(-15)?
2
Let o(d) = 2*d + 13. Let y be o(-13). Let q = 44 + -15. What is the remainder when q is divided by (2 + y)*-1 - -4?
14
Let x(g) = g**3 - 44*g**2 + 87*g - 109. What is the remainder when 82 is divided by x(42)?
14
Suppose 4 = 3*w - 3*a - a, 0 = 3*w + 4*a + 28. Suppose 50 = 3*b + 4*q, -3*b + 48 = -2*q + 5*q. What is the remainder when b is divided by (-2 + 0 + 1)*w?
2
Suppose -6*x + 790 = -3*x - 4*m, x + 2*m - 280 = 0. What is the remainder when x is divided by 55?
50
Suppose 0 = -7*t + 2*t + 50. Let l(i) = i**2 - 34*i + 344. What is the remainder when l(18) is divided by t?
6
Suppose 3*j + 2*j - 10 = 0, -2*p + 5*j = -4. Suppose 0 = 2*a + 9*v - 8*v - 40, a + 5*v - 38 = 0. Calculate the remainder when a is divided by p.
4
Let o(f) = f**3 + 5*f**2 - 8*f + 2. Let g(z) = -z**2 - 18*z - 20. Suppose 2*m = -18 - 12. What is the remainder when g(m) is divided by o(-6)?
11
Suppose -4*v + 119 = -1. Calculate the remainder when 118 is divided by v.
28
Let b(g) = 29*g - 31. Calculate the remainder when b(9) is divided by 17.
9
Let i = 595 - 517. Calculate the remainder when 382 is divided by i.
70
Let h = -109 - -131. Let n = 44 - 1. What is the remainder when n is divided by h?
21
Let o(r) = r + 14. Let h = 10 + 2. Let y(i) = i**2 - 6*i - 5. What is the remainder when y(h) is divided by o(0)?
11
Let c(p) = 29*p**2 - 2*p. Let y be c(2). What is the remainder when ((-5)/2 + 3)*(y + 2) is divided by 30?
27
Let h(g) be the second derivative of -g**3/6 + 5*g**2/2 + 8*g. What is the remainder when -1 - 3/(3/(-86)) is divided by h(-17)?
19
Let q be 0 + ((-6314)/(-35) - (-2)/(-5)). Suppose 3*x - q = -39. What is the remainder when 186 is divided by x?
45
Let t = 83 - 80. Suppose t*j - 9 = -o, 9*j = 4*o + 11*j - 16. Calculate the remainder when 3 is divided by o.
0
Suppose w = 3*z + 4, 4*z - 4*w + 16 = 3*z. Suppose -6*c + 148 - 28 = z. Calculate the remainder when 117 is divided by c.
17
Suppose -7*n - 435 = -1247. What is the remainder when 249 is divided by n?
17
Let s = 25 + -16. Suppose 6*p - 12*p = -102. What is the remainder when p is divided by s?
8
Let i(b) = b**3 + 6*b**2 + b - 1. Suppose 44*g - 8 = 46*g. Calculate the remainder when i(g) is divided by 8.
3
Let n(l) = 10*l**3 + 2*l**2 + l - 1. Calculate the remainder when 